7
Suppose -6*t = -1 + 7. Let f be -1 + t + -4 + -4. What are the prime factors of (1 - -7)*f/(-20)?
2
Suppose 3*v - 3*z + 3427 = 20110, 4*v = 5*z + 22248. List the prime factors of v.
5557
Suppose 5*m = -2*b - 3, 0 = 4*m + 2*b - 0 + 4. List the prime factors of (605/(-44))/(m/(-4)).
5, 11
Suppose -4*x + 4*p + 3391 + 1265 = 0, 5*p = x - 1176. What are the prime factors of x?
3, 43
Suppose 4*k + 2*f = -8, 5*f + 6 = -3*k + 7*k. Let w(x) = -145*x + 8. What are the prime factors of w(k)?
3, 17
Let d = -26 - -312. What are the prime factors of d?
2, 11, 13
Suppose 6*h - u + 358 = 2*h, -4*h + 5*u = 350. Let p be (-46)/(-11) - (-14)/(-77). What are the prime factors of (h/p)/((-10)/20)?
3, 5
Let a be -4 + -1 + 3 - -1. Let h be (-16)/a*(-5)/(-1). Suppose 2*z - 46 - h = 0. What are the prime factors of z?
3, 7
Let z(p) = 14*p - 13. Let d be -7*2*(-7)/14. List the prime factors of z(d).
5, 17
Let q = 16 - 7. Let n = q - 7. Suppose n*z - 75 = -z. What are the prime factors of z?
5
Suppose 2*h = -2*l - 8, 2*h - 5*l + 30 = -3*h. What are the prime factors of h/(82/(-364) - 14/(-91))?
2, 5, 7
Let q(z) = 53*z + 14. Let c(t) = 160*t + 43. Let y(b) = -3*c(b) + 8*q(b). What are the prime factors of y(-2)?
5, 19
Suppose 37*w + 17*w - 34668 = 0. What are the prime factors of w?
2, 3, 107
What are the prime factors of (-18270)/(-15)*5/2?
3, 5, 7, 29
Let q be ((-1)/(-3))/(2/78). Let y(b) = -b + 28. List the prime factors of y(q).
3, 5
Let f(k) = -7*k - 38. Let o be f(-6). Suppose -p = -o, -5*p = 5*i - 2*p - 147. List the prime factors of i.
3
Suppose -4*i = i. Suppose 5*a = -g + 17 - i, 3*g + a - 121 = 0. What are the prime factors of g?
2, 3, 7
Let v(j) = j**3 + 3*j**2 - 5*j - 8. Let o be v(-4). Suppose 0 = -2*c + 7*c - m + 234, -c = -3*m + 44. What are the prime factors of c/o*24/6?
47
Suppose 0 = -2*p + 8, 2*k - p - 2 = -0*k. Suppose -4*w - 136 = s - 2*s, k*s + 5*w = 323. What are the prime factors of s?
2, 29
Let s(y) = 43*y - 22. Let z be s(18). Suppose 5*o + 2*d - 85 = z, -o - 5*d = -149. What are the prime factors of o?
13
Let m be 16/6 + 4/3. Suppose -5*p = -m*p - 109. List the prime factors of p.
109
Let x(c) = -c**2 - 6*c + 9. Let u be x(-7). Let g be 9 + -7 + u + 0. Suppose 0 = q + 3*q + 5*b - 140, 4*q - g*b - 176 = 0. What are the prime factors of q?
2, 5
Let b(i) be the second derivative of -17*i**3/3 + 55*i**2/2 - 23*i. List the prime factors of b(-5).
3, 5
Let g(a) = -45*a**3 - 1. Let c be g(1). Let t = 16 - c. What are the prime factors of t?
2, 31
Let m be 5*-1*36/15. What are the prime factors of (-4 + m/(-4))*-9?
3
Let v = -146 - -274. List the prime factors of v.
2
Let u(i) = -i**2 - 6*i + 3. Let k be u(-6). Suppose k*x + 13 = 4*x. Suppose -7*q + 15 = -4*q, 0 = -4*t + 3*q + x. List the prime factors of t.
7
Let d be (-2)/9 - (-10)/45. Let n be 4 + d + (10 - -2). List the prime factors of (-12)/n*(-12)/1.
3
Let j be 0 - -1 - (1 + -1). Let z be (3 - j - 4)*-20. List the prime factors of 136/z - (-3)/5.
2
Let y be 3/6*11/((-22)/(-16)). Let j = -33 - -133. Suppose -2*m + j = y*o - 0*m, 0 = 5*o + 3*m - 126. List the prime factors of o.
2, 3
List the prime factors of (-19 - -21)*(-186)/(-4).
3, 31
Let y = 1037 - 494. List the prime factors of y.
3, 181
Suppose 0 = -5*s + 7*s - 42. What are the prime factors of s?
3, 7
Suppose 4*g + 2*n = 46, -4*g - 5*n + 22 + 39 = 0. Suppose -g*p - 541 + 1333 = 0. List the prime factors of p.
2, 11
Let b(u) = -u**3 + 9*u**2 + u - 1. Let r = -10 + 19. List the prime factors of b(r).
2
Let m be (0 - 1 - -170)*1 - -2. Let u = m + -2. List the prime factors of u.
13
Let j = 6 - -16. Let s be (5*(-60)/(-175))/(2/14). Let z = s + j. List the prime factors of z.
2, 17
What are the prime factors of (-1)/3*-1*537?
179
Let z = -1115 - -1963. List the prime factors of z.
2, 53
List the prime factors of 1/((16/96)/((-262)/(-6))).
2, 131
Let p = 242 + -111. List the prime factors of p.
131
Let m(k) = -4*k + 5. Let h be m(2). Let x(f) = -2*f - 3. Let j be x(h). Suppose -4*u + u + 30 = 3*s, 0 = 4*s - j*u - 19. What are the prime factors of s?
7
Let f(m) = -m**2 + 10*m + 0 + 14 + 2. Let v be ((-2)/(-8))/(11*(-14)/(-6160)). What are the prime factors of f(v)?
2
Let k(c) be the second derivative of -26*c**3/3 + 23*c**2/2 + 30*c. List the prime factors of k(-4).
3, 7, 11
Let b = -215 + 1153. What are the prime factors of b?
2, 7, 67
Let k(r) = -68*r**3 - 11*r**2 - 9*r - 16. What are the prime factors of k(-4)?
2, 1049
Suppose 4*f = 2*n - 692, -946 = -5*n + f + 766. What are the prime factors of n?
2, 3, 19
Let x(j) = -2*j**3 + 2*j + 10 - 11 + j + 3*j**2 + 5. Let r be x(-2). Let s = 18 + r. What are the prime factors of s?
2, 11
Let d(k) = k**3 + 11*k**2 + 13*k + 6. Let r be d(-10). Let i be 1/2 + 972/r. Let u = i + 45. What are the prime factors of u?
5
Suppose -3*c - 22 = -q - 8*c, -4*q - 2*c + 16 = 0. What are the prime factors of (9/6 + q)*(19 - -11)?
3, 5, 7
Let t = 4 + -2. Let a(r) = 13*r. Let b be a(t). Let n = b + 8. What are the prime factors of n?
2, 17
Let k = -2159 + 5016. What are the prime factors of k?
2857
Let a(h) = h**3 + 21*h**2 + 18*h + 5. Let s = -53 - -94. Let f = -61 + s. List the prime factors of a(f).
3, 5
Let i(d) = 64*d**2 - 2*d - 1. List the prime factors of i(-4).
1031
Let p = 9 + -5. List the prime factors of -3 + 0 + 66 + p.
67
Suppose 5*z = -5*o + 16185, 18*o = 16*o + 2*z + 6454. List the prime factors of o.
2, 101
Let z(i) = 42*i**2 + 18. List the prime factors of z(3).
2, 3, 11
Suppose -4*f = 0, -9*g + 5*g + 3*f + 20108 = 0. List the prime factors of g.
11, 457
Let a = 171 + 324. What are the prime factors of a?
3, 5, 11
Suppose l + 3 = 3*r - 3*l, -5*r - 2*l + 31 = 0. Suppose -r*a - 2 = -17. Suppose 2*c - a*c + 4*n + 37 = 0, 2*c - n - 88 = 0. List the prime factors of c.
3, 5
Suppose 0 = -11*a + 2449 + 1093. What are the prime factors of a?
2, 7, 23
Let p(x) = 15*x + 17. Let s(t) = 44*t + 52. Let w(d) = 17*p(d) - 6*s(d). What are the prime factors of w(-11)?
2, 19
Suppose 2*p = o - 123 - 269, 2*o + 3*p - 798 = 0. What are the prime factors of o?
2, 3, 11
Suppose 3*o + 13 = 1. Let i be 1/(o/(-32)) + 0. Let l = i + 9. List the prime factors of l.
17
Suppose 6*p - p = 0. Let x(q) = q**3 - q - 4. Let w be x(p). Let i = 4 - w. List the prime factors of i.
2
Let p be -10*(10/4 - 3). Suppose -177 - 168 = -p*g. What are the prime factors of g?
3, 23
What are the prime factors of -3 - 17/(6 - (-7566)/(-1260))?
3, 29, 41
Let g(x) = -2*x**2 + x + 636. What are the prime factors of g(0)?
2, 3, 53
Suppose -4*j + 98 + 1148 = -2*f, -3*j + 927 = -4*f. List the prime factors of j.
313
Let r(s) = 7*s**3 + 7*s**2 - 11*s - 30. What are the prime factors of r(6)?
2, 3, 139
Let k be (-8)/(-2) - 12/6. Suppose -b = -k*b + 5. Suppose 218 = b*j - 82. List the prime factors of j.
2, 3, 5
What are the prime factors of (528/(-110))/((-12)/4040)?
2, 101
Let s(l) = -l**2 - 3*l - 2. Let y be s(-2). Suppose -39 + 4 = -5*g + 3*m, y = 5*g + 3*m - 5. List the prime factors of 3/g - (-114)/8.
3, 5
Let u(g) = 2*g**2 + 3*g - 7 + 2 + 4 - g**3. Let j be u(2). Suppose -j*f + 32 = 12. List the prime factors of f.
2
Let b be (3/2)/((21/(-14))/(-1)). Let k(l) = -3 + 0 + 5 + 67*l. What are the prime factors of k(b)?
3, 23
Let k be 26/(-4)*(-14)/7. Suppose -5*u = -3*o - 10, 5*u + 3 = -o + k. Suppose 0 = 2*x + 6, -8*y + 141 = -3*y - u*x. List the prime factors of y.
3
Suppose 3*o - 436 + 85 = 0. Let a be (-1)/3 - o/(-27). Suppose 0 = 4*r + 8, 5*f + 2*r - a*r - 119 = 0. List the prime factors of f.
23
Let x = -49 - -34. Let k(f) = f**2 + 13*f + 29. What are the prime factors of k(x)?
59
Let s(c) = -c**3 - 3*c**2 + 3*c + 6. Let i be s(-3). What are the prime factors of ((-19)/i)/(2/42)?
7, 19
Let i(o) = 71*o + 560. List the prime factors of i(12).
2, 353
Suppose -2*s = q - 84, 476 = 5*q - 0*q - 4*s. Suppose -3*p - 4*y + q = p, p + 2*y - 26 = 0. List the prime factors of p.
2, 5
Suppose 39 = s + 2*q, 3*q = 5*s + 6*q - 188. Let z(k) = 3*k + 2. Let d be z(5). Let u = s - d. What are the prime factors of u?
2, 5
Suppose 0 = 621*u - 636*u + 16590. What are the prime factors of u?
2, 7, 79
Let b(v) = v**2 - 11*v + 23. Suppose -20 = -z - z. List the prime factors of b(z).
13
Let t(c) = -2*c**3 - 10*c**2 - 5*c + 25. Let w(q) = q - 6. Let k be w(-1). List th